{"id":253,"date":"2025-01-29T19:00:11","date_gmt":"2025-01-29T18:00:11","guid":{"rendered":"http:\/\/corinne-sallaberry.fr\/?page_id=253"},"modified":"2025-01-30T00:09:21","modified_gmt":"2025-01-29T23:09:21","slug":"soin-guerison-enfant","status":"publish","type":"page","link":"https:\/\/corinne-sallaberry.fr\/index.php\/soin-guerison-enfant\/","title":{"rendered":"Soin Gu\u00e9rison Enfant"},"content":{"rendered":"\n<p class=\"has-vivid-cyan-blue-color has-pale-cyan-blue-background-color has-text-color has-background has-link-color wp-elements-feb87e22cd90a2d00ea89243b1fceadd\">S\u00e9ance jusqu&rsquo;\u00e0 16 ans &#8211; 60\u20ac (Pr\u00e9sentiel ou Visio)<\/p>\n\n\n\n<figure class=\"wp-block-pullquote has-vivid-cyan-blue-color has-light-green-cyan-background-color has-text-color has-background has-link-color wp-elements-a28f87479ef912600a5ee73cd4410816\"><blockquote><p>Notre corps est pr\u00e9cieux..Il est notre v\u00e9hicule pour l&rsquo;\u00e9veil&#8230;Prenons en soin&#8230;!!<\/p><\/blockquote><\/figure>\n\n\n\n<p class=\"has-black-color has-text-color has-link-color wp-elements-308bfeef723eb44d70c1cefd610899ac\">Lors de ce soin, je vais v\u00e9rifier les \u00e9nergies de l&rsquo;enfant qui pr\u00e9sente des sympt\u00f4mes comme :<\/p>\n\n\n\n<ul class=\"wp-block-list has-vivid-cyan-blue-color has-text-color has-link-color wp-elements-4428c03cdbbab669031a0699be730258\">\n<li class=\"has-black-color has-text-color has-link-color wp-elements-f370bc905ffd77c7a46cb43c7467724e\">Terreurs nocturnes<\/li>\n\n\n\n<li class=\"has-black-color has-text-color has-link-color wp-elements-143a6813ce6f954ff433a8e8ae548dad\">Maux physiques<\/li>\n\n\n\n<li class=\"has-black-color has-text-color has-link-color wp-elements-b2c78e08b716d6aba220bcc970209166\">D\u00e9r\u00e8glement \u00e9motionnel <\/li>\n\n\n\n<li class=\"has-black-color has-text-color has-link-color wp-elements-12a33609a4f3e28b0470bfebc88b9c5c\">Disharmonie \u00e9nerg\u00e9tique <\/li>\n\n\n\n<li class=\"has-black-color has-text-color has-link-color wp-elements-1c9b54b9d9d6626bff026155ba48c8a4\">Difficult\u00e9s diverses et vari\u00e9es.<\/li>\n<\/ul>\n\n\n\n<p class=\"has-black-color has-text-color has-link-color wp-elements-20dedcbda5a562f7d5d8761f8620469c\">En me connectant \u00e0 son \u00e2me, je vais avoir des informations qui vont me permettre d&rsquo;aider les parents \u00e0 comprendre le comportement de l&rsquo;enfant m\u00eame chez les touts petits et surtout l&rsquo;accompagner vers son mieux \u00eatre en conscience suivant l&rsquo;\u00e2ge &#8230;<\/p>\n\n\n\n<p class=\"has-black-color has-text-color has-link-color wp-elements-8c98da2557ebcefc889224a72cb18f0d\">Lorsque celui ci est en mesure de parler et de comprendre, nous allons pouvoir couper, nettoyer, lib\u00e9rer des liens et \u00e9nergies toxiques, des m\u00e9moires de l&rsquo;\u00e2me afin d&rsquo;obtenir une nouvelle harmonie corporelle, \u00e9motionnelle et spirituelle.<\/p>\n\n\n\n<p class=\"has-black-color has-text-color has-link-color wp-elements-40c477d12fe6f4fd9f0513070036b3ae\">Lors de cet accompagnement de l&rsquo;enfant, le ou les parents peuvent \u00eatre pr\u00e9sents pour le r\u00e9conforter  face \u00e0 ses peurs.<\/p>\n\n\n\n<figure class=\"wp-block-pullquote has-vivid-cyan-blue-color has-light-green-cyan-background-color has-text-color has-background has-link-color wp-elements-a5f34613b8ed14e6780fa41a11c3f9ac\"><blockquote><p>Il n&rsquo;y a pas d&rsquo;\u00e2ge pour subir les \u00e9nergies ext\u00e9rieures et \u00e0 plus forte raison ; les enfants d&rsquo;aujourd&rsquo;hui repr\u00e9sentent la lumi\u00e8re pure et il est donc important de les prot\u00e9ger !!<\/p><\/blockquote><\/figure>\n\n\n\n<p><\/p>\n\n\n\n<p><\/p>\n","protected":false},"excerpt":{"rendered":"<p>S\u00e9ance jusqu&rsquo;\u00e0 16 ans &#8211; 60\u20ac (Pr\u00e9sentiel ou Visio) Notre corps est pr\u00e9cieux..Il est notre v\u00e9hicule pour l&rsquo;\u00e9veil&#8230;Prenons en soin&#8230;!! Lors de ce soin, je vais v\u00e9rifier les \u00e9nergies de &hellip; <\/p>\n","protected":false},"author":1,"featured_media":0,"parent":0,"menu_order":0,"comment_status":"closed","ping_status":"closed","template":"","meta":{"footnotes":""},"class_list":["post-253","page","type-page","status-publish","hentry"],"_links":{"self":[{"href":"https:\/\/corinne-sallaberry.fr\/index.php\/wp-json\/wp\/v2\/pages\/253","targetHints":{"allow":["GET"]}}],"collection":[{"href":"https:\/\/corinne-sallaberry.fr\/index.php\/wp-json\/wp\/v2\/pages"}],"about":[{"href":"https:\/\/corinne-sallaberry.fr\/index.php\/wp-json\/wp\/v2\/types\/page"}],"author":[{"embeddable":true,"href":"https:\/\/corinne-sallaberry.fr\/index.php\/wp-json\/wp\/v2\/users\/1"}],"replies":[{"embeddable":true,"href":"https:\/\/corinne-sallaberry.fr\/index.php\/wp-json\/wp\/v2\/comments?post=253"}],"version-history":[{"count":7,"href":"https:\/\/corinne-sallaberry.fr\/index.php\/wp-json\/wp\/v2\/pages\/253\/revisions"}],"predecessor-version":[{"id":313,"href":"https:\/\/corinne-sallaberry.fr\/index.php\/wp-json\/wp\/v2\/pages\/253\/revisions\/313"}],"wp:attachment":[{"href":"https:\/\/corinne-sallaberry.fr\/index.php\/wp-json\/wp\/v2\/media?parent=253"}],"curies":[{"name":"wp","href":"https:\/\/api.w.org\/{rel}","templated":true}]}}