{"id":297,"date":"2025-01-29T23:31:10","date_gmt":"2025-01-29T22:31:10","guid":{"rendered":"http:\/\/corinne-sallaberry.fr\/?page_id=297"},"modified":"2025-01-29T23:37:10","modified_gmt":"2025-01-29T22:37:10","slug":"initiation-aux-annales-akashiques","status":"publish","type":"page","link":"https:\/\/corinne-sallaberry.fr\/index.php\/initiation-aux-annales-akashiques\/","title":{"rendered":"Initiation aux Annales Akashiques"},"content":{"rendered":"\n<p class=\"has-vivid-cyan-blue-color has-light-green-cyan-background-color has-text-color has-background has-link-color wp-elements-f1a71ac6d57a2256f7d3e856eae19965\">350\u20ac &#8211; 2 journ\u00e9es (18h)<\/p>\n\n\n\n<p class=\"has-text-align-center has-vivid-purple-color has-text-color has-link-color has-medium-font-size wp-elements-8a7ca2d98b364083c26a63ac7c900aae\"><strong>Se connecter \u00e0 son propre livre de vie&#8230;<\/strong><\/p>\n\n\n\n<p class=\"has-text-align-center has-vivid-cyan-blue-color has-text-color has-link-color wp-elements-42c3d5cfb15a05ada7f76f66016471ed\"><strong>Que va vous permettre cette transmission ?<\/strong><\/p>\n\n\n\n<ul class=\"wp-block-list\">\n<li>Comprendre ce que sont les Annales Akashiques, comment elles fonctionnent et \u00e0 quoi elles servent? <\/li>\n<\/ul>\n\n\n\n<ul class=\"wp-block-list\">\n<li>Acc\u00e9der \u00e0 vos propres m\u00e9moires d&rsquo;\u00e2me, pour obtenir des r\u00e9ponses aux diff\u00e9rentes situations, probl\u00e8mes, sch\u00e9mas r\u00e9p\u00e9titifs de votre vie..<\/li>\n<\/ul>\n\n\n\n<ul class=\"wp-block-list\">\n<li>Avoir des informations sur votre mission d&rsquo;\u00e2me et sur les diff\u00e9rentes relations que vous rencontrez&#8230;<\/li>\n<\/ul>\n\n\n\n<ul class=\"wp-block-list\">\n<li>R\u00e9cup\u00e9rer vos potentialit\u00e9s, les cl\u00e9s de votre existence afin de mieux vivre votre incarnation et votre existence d&rsquo;\u00e2me incarn\u00e9e sur cette terre avec son lot d&rsquo;exp\u00e9riences.. .<\/li>\n<\/ul>\n\n\n\n<p>Durant ces deux journ\u00e9es, je vous pr\u00e9pare \u00e0 rentrer en contact avec vous m\u00eame afin de vous livrer en conscience votre livre de vie.<\/p>\n\n\n\n<p>Gr\u00e2ce \u00e0 des m\u00e9ditations guid\u00e9es, des exercices pratiques, vos vibrations et fr\u00e9quences vont s&rsquo;\u00e9lever ainsi que votre niveau de conscience afin d&rsquo;acc\u00e9der \u00e0 votre livre de vie par le biais d&rsquo;Akasha ; espace de l&rsquo;\u00e9ther prot\u00e9g\u00e9 par les Gardiens de la Connaissance Universelle&#8230;<\/p>\n\n\n\n<p>Deux journ\u00e9es intenses, riches de sagesse et de compr\u00e9hension de vous m\u00eame..<\/p>\n\n\n\n<p>Vous pourrez ainsi acc\u00e9der \u00e0 vos Annales Akashiques chaque fois que vous le souhaiterez&#8230;<\/p>\n\n\n\n<p>Pr\u00eat requis : Cette initiation est accessible \u00e0 tous ; cependant il est quand m\u00eame important d&rsquo;\u00eatre dans une d\u00e9marche d&rsquo;\u00e9volution spirituelle car cela aide \u00e0 \u00eatre dans les vibrations n\u00e9cessaires pour atteindre cette ouverture l\u00e0!!!<\/p>\n\n\n\n<p>Ne sont pas fournis le gite et le couvert, \u00e0 votre initiative (partage du repas du midi pour profiter d&rsquo;\u00e9changes et dialogues) Pr\u00e9voir tapis de sol, coussin, plaid, de quoi noter&#8230; <\/p>\n\n\n\n<p>Ne pas h\u00e9siter \u00e0 revenir vers moi pour de plus amples renseignements&#8230;<\/p>\n\n\n\n<div class=\"wp-block-group\"><div class=\"wp-block-group__inner-container is-layout-flow wp-block-group-is-layout-flow\">\n<figure class=\"wp-block-pullquote has-vivid-purple-color has-light-green-cyan-background-color has-text-color has-background has-link-color has-medium-font-size wp-elements-9c9c2807da0553e9245fa5b5978e61c0\"><blockquote><p>En vous gu\u00e9rissant vous m\u00eame vous devenez un gu\u00e9risseur \u00e0 votre tour. Ainsi vous participez \u00e0 gu\u00e9rir la plan\u00e8te. Sachez qu&rsquo;il n&rsquo;y a rien de plus sacr\u00e9 comme travail que celui-ci.<\/p><cite>R.A<\/cite><\/blockquote><\/figure>\n<\/div><\/div>\n\n\n\n<p><\/p>\n","protected":false},"excerpt":{"rendered":"<p>350\u20ac &#8211; 2 journ\u00e9es (18h) Se connecter \u00e0 son propre livre de vie&#8230; Que va vous permettre cette transmission ? Durant ces deux journ\u00e9es, je vous pr\u00e9pare \u00e0 rentrer en &hellip; <\/p>\n","protected":false},"author":1,"featured_media":0,"parent":0,"menu_order":0,"comment_status":"closed","ping_status":"closed","template":"","meta":{"footnotes":""},"class_list":["post-297","page","type-page","status-publish","hentry"],"_links":{"self":[{"href":"https:\/\/corinne-sallaberry.fr\/index.php\/wp-json\/wp\/v2\/pages\/297","targetHints":{"allow":["GET"]}}],"collection":[{"href":"https:\/\/corinne-sallaberry.fr\/index.php\/wp-json\/wp\/v2\/pages"}],"about":[{"href":"https:\/\/corinne-sallaberry.fr\/index.php\/wp-json\/wp\/v2\/types\/page"}],"author":[{"embeddable":true,"href":"https:\/\/corinne-sallaberry.fr\/index.php\/wp-json\/wp\/v2\/users\/1"}],"replies":[{"embeddable":true,"href":"https:\/\/corinne-sallaberry.fr\/index.php\/wp-json\/wp\/v2\/comments?post=297"}],"version-history":[{"count":3,"href":"https:\/\/corinne-sallaberry.fr\/index.php\/wp-json\/wp\/v2\/pages\/297\/revisions"}],"predecessor-version":[{"id":301,"href":"https:\/\/corinne-sallaberry.fr\/index.php\/wp-json\/wp\/v2\/pages\/297\/revisions\/301"}],"wp:attachment":[{"href":"https:\/\/corinne-sallaberry.fr\/index.php\/wp-json\/wp\/v2\/media?parent=297"}],"curies":[{"name":"wp","href":"https:\/\/api.w.org\/{rel}","templated":true}]}}